= -2*b + 52, 3*b - j*z = -2*z + 80. Calculate the remainder when b is divided by 10.
8
Let v = -48 + 88. What is the remainder when v is divided by 14?
12
Let w(p) = -p**2 + 10*p - 2. Suppose 4*x = -4*z - 3 - 29, -2*z - 37 = 5*x. Let c = x - -17. What is the remainder when w(7) is divided by c?
9
Suppose -3*z + 0 = 6, 5*t - 11 = -2*z. Calculate the remainder when t is divided by 2.
1
Let q(i) = -i**2 + 11*i + 2. Let k be q(11). Let r(m) = 2*m**2 + 2. Calculate the remainder when r(k) is divided by 3.
1
Suppose 7*i - 2*i - 115 = 0. Suppose 1 + i = -3*t. What is the remainder when 17 is divided by (-46)/t + (-2)/(-8)?
5
Suppose -2*p + 18 + 14 = 0. Let w(u) = -3 + 3 - 2 - 2*u. Calculate the remainder when p is divided by w(-4).
4
Suppose -2*c = -4*c + 4. Suppose -7 = -4*l + 1. Calculate the remainder when l is divided by c.
0
Suppose g - 9 - 19 = 0. What is the remainder when 110 is divided by g?
26
Suppose 11 = -4*k + 87. Calculate the remainder when k is divided by 7.
5
Let b(m) = 25*m - 1. Calculate the remainder when 333 is divided by b(1).
21
What is the remainder when 0 - -1 - 2*-9 is divided by 7?
5
Suppose 5*v - 18 = -5*g + 7, -5*g - 25 = -5*v. Suppose 0*n - 2*d - 52 = -5*n, 4 = -4*d. Suppose g*r = -r + n. What is the remainder when r is divided by 6?
4
Suppose -5*g - 12 = -37. Let j = -3 + g. What is the remainder when j is divided by (-1)/1 + 4/2?
0
Suppose 7*z = 4*z + 9. Suppose -2*h = -2*s + 12, z*h - 23 = -5*s - 1. Calculate the remainder when s is divided by (-1 + 3)/2 - -1.
1
Suppose u = 4*q + 7, u - 5 - 2 = -q. Calculate the remainder when 41 is divided by u.
6
Suppose 0 = -2*k - 4*b + 44, 2*b - 96 = -4*k - 2*b. Suppose -v + 5 = -2. What is the remainder when k is divided by v?
5
What is the remainder when 4658/51 + 4/6 is divided by 19?
16
Let r be 40/5*2/4. Let p(z) = 7*z - 1. What is the remainder when p(r) is divided by 7?
6
Suppose -1 = -n + 1. Suppose 0 + n = m. Suppose m*i + 2*i - 32 = 0. What is the remainder when i is divided by 3?
2
What is the remainder when 33 is divided by 34/((-1)/4 + (-27)/(-12))?
16
Let n = 67 - 48. What is the remainder when 34 is divided by n?
15
Suppose -3*f - 2*p - 2 = 0, 14 = -3*f + 4*p - 9*p. Suppose c - 19 = -b + f*c, 0 = -b + 4*c + 34. Calculate the remainder when 40 is divided by b.
12
Let n = -121 - -134. Calculate the remainder when 74 is divided by n.
9
Let w = -25 - -31. Calculate the remainder when w is divided by (3 - 0)*1 + 0.
0
Let x be (9/6 + -2)*-6. Suppose 21 = x*m - 0. What is the remainder when 27 is divided by m?
6
Let g(u) = -u - 18. Let y be g(-8). Calculate the remainder when (-61 - 1)/(y/5) is divided by 16.
15
Let h(y) = 3*y**2 + 5*y + 1. Let c be (6/(-3))/2 + -3. What is the remainder when h(c) is divided by 10?
9
Suppose -10*s = -14*s + 68. Let p = -25 + 35. What is the remainder when s is divided by p?
7
Calculate the remainder when (-711)/(-6)*6/9 is divided by 20.
19
Suppose 4*v + 3*q - q = 64, -6 = -3*q. Let d = v - 6. Calculate the remainder when (-6)/d - 262/(-6) is divided by 11.
10
Suppose -25 = -p + 2. Let n = -59 + p. Calculate the remainder when 3 - (2 + n) - 3 is divided by 8.
6
Let k(h) = h**3 - 4*h**2 - 10*h + 9. Suppose -a + 9 - 3 = 0. What is the remainder when 41 is divided by k(a)?
20
Suppose -2*s - 2*s = -16. Suppose 19 = s*r - 9. Suppose 0 = -2*f + 5*m + 28, -6*f = -8*f + m + 12. What is the remainder when r is divided by f?
3
Let s be (3 - (-57)/(-21)) + 1935/63. Suppose -a = 4*c - 53, -3*a = 2 - 17. Let z = s - c. Calculate the remainder when 75 is divided by z.
18
Suppose -6 = k + 49. Let i = -18 - k. What is the remainder when i is divided by 10?
7
Let n = 1 - -7. Calculate the remainder when (4/(-8))/((-1)/n) is divided by 2.
0
Let x be 36/(-15)*(-80)/6. Suppose -x - 9 = -b. Suppose z = 8 + 6. What is the remainder when b is divided by z?
13
Suppose -37 = 5*f - 7. Let i = 9 + f. What is the remainder when i is divided by 2?
1
Suppose 5*i = -253 - 107. Let v = 120 + i. Suppose 0 = 2*j + 2*j - v. What is the remainder when 22 is divided by j?
10
Let z = 2 + -8. Suppose 24 = -0*k + 4*k. Calculate the remainder when (44/z)/((-2)/k) is divided by 12.
10
Suppose -133 + 18 = -x. Suppose -6*n + 194 = 20. Calculate the remainder when x is divided by n.
28
Let u(w) = -w**3 + 3*w**2 + 4*w + 3. Let m = -7 + 11. Let n be u(m). Suppose -15 = -0*a - n*a. Calculate the remainder when 9 is divided by a.
4
Let d be (-2)/(0 + 2 + 0). Let x be 2 + d + (-24)/(-8). Suppose 5*o + h = 6*h + 55, x*o - 44 = -5*h. What is the remainder when o is divided by 4?
3
Let a = -6 + 9. Let h(d) = -13*d + 4. Let s be h(-3). Suppose 5*k - 90 = -4*v + s, -v = a*k - 35. Calculate the remainder when v is divided by 17.
15
Suppose 0*u - u + 170 = 4*d, 5*u = 3*d - 139. Calculate the remainder when d is divided by 9.
7
Calculate the remainder when 6 is divided by 24/(-6)*(0 + -1).
2
Let w(z) = -z**3 - 5*z**2 + 7. Let x(n) = -n**2 + 5*n - 5. Let s be x(4). Calculate the remainder when 0 + 20 - (-1)/s is divided by w(-5).
5
Let f(z) = z**2 + 5*z + 8. Calculate the remainder when f(-7) is divided by 6.
4
Let i be ((-4)/(-6))/(2/6). Suppose 0 = p - 3*g - 2, i*p + 5*g + 10 - 47 = 0. Calculate the remainder when (-459)/(-15) + 4/10 is divided by p.
9
Let f(d) be the third derivative of 1/120*d**6 + 0*d + 1/3*d**4 + 0 + 3/20*d**5 - 7/6*d**3 - 3*d**2. Calculate the remainder when f(-7) is divided by 12.
11
Let z(u) = -4*u**3 - u - 2. Calculate the remainder when z(-2) is divided by 33/(-6)*(1 + 0 + -3).
10
Suppose 160 = 11*p - 3*p. Calculate the remainder when p is divided by 8.
4
Let h(l) = -l**2 + 7*l - 1. Suppose -4*r + r + 15 = 0. Calculate the remainder when 17 is divided by h(r).
8
Suppose -1050 = -6*v - 8*v. What is the remainder when v is divided by 13?
10
Let r(w) = 4*w + w**2 - 2*w + 4*w**2 - 3. Calculate the remainder when 61 is divided by r(2).
19
Let t = -8 + 7. Calculate the remainder when ((-32)/5)/(t/5) is divided by 11.
10
Let k(p) = p**2 + p + 1. Calculate the remainder when 11 is divided by k(-2).
2
Let x be (-1 - 0)/2*-20. Calculate the remainder when 23 is divided by (0 - (-24)/x)*5.
11
Let g(k) = -k**2 - k + 10. Let m be g(0). Let f(t) = -1 - t**2 - 10 - 1 - m*t. What is the remainder when f(-8) is divided by 3?
1
Let s be ((-4)/(-6))/(4/498). Suppose 5*m - 2*j - 96 - s = 0, -2*m = -j - 72. Calculate the remainder when m is divided by 18.
17
Let x(d) = -d**3 - 3*d**2 + 5*d + 4. Let w be x(-4). Suppose -n + 3*n - 158 = w. What is the remainder when n is divided by 27?
25
Let y = -1 + 1. Suppose -23*u + 18*u + 105 = y. Calculate the remainder when u is divided by 11.
10
Suppose -p = -3*u - 5*p + 47, -2*u + 2*p = -36. Let j(y) = 2*y**2 - 8*y + 2. What is the remainder when j(6) is divided by u/2 - (-10)/20?
8
Suppose 5*d + 5*w = 15, w + 5 = 4*d - 2. Let o = 0 + d. Calculate the remainder when 3 is divided by o.
1
Calculate the remainder when 56/4 - -2 - -1 is divided by 9.
8
What is the remainder when 15 is divided by (-2)/((-2)/11) - 2?
6
Let p = 5 + -5. Let b be 0 - p - (-19 + -1). Suppose b = i + 8. What is the remainder when 22 is divided by i?
10
Let o = 101 + -67. Calculate the remainder when 66 is divided by o.
32
Suppose 0*o = -3*o - 60. Let p be (-4)/6 - o/12. What is the remainder when 11 is divided by 2/(p + 0) + 2?
3
Suppose a - 39 = -2. Suppose -2*z + 5*k = -3, 4*z - k - a = z. What is the remainder when z is divided by 8?
6
Let t(z) = 2*z**2 - 5*z + 4. Let c be t(4). Let q = c + -11. Calculate the remainder when 12 is divided by q.
2
Let x(t) = t + 8. Let g be x(-6). Suppose -g*c = -3*c. Suppose f = -c*f + 1. Calculate the remainder when 2 is divided by f.
0
Suppose -2 = -h + 6. Let g = 38 - h. Calculate the remainder when g is divided by 11.
8
Let o(h) = -h**3 - h**2 + 2. Let u be o(0). Calculate the remainder when 19 - 2/4*0 is divided by 32/3 - u/3.
9
Let i(q) = -q**2 + 2*q - 2. Let c be i(3). Let t = c - -14. What is the remainder when t is divided by 6?
3
Let d = -4 - -19. Suppose -10*n = -d*n + 170. Calculate the remainder when 101 is divided by n.
33
Let c = 39 - -11. What is the remainder when c is divided by 13?
11
Let s = 28 - 6. Let u = -496 + 504. Calculate the remainder when s is divided by u.
6
Calculate the remainder when 11 is divided by 1/((